b + 217 = 0. What is the remainder when 111 is divided by i?
5
Let g = 1973 + -1445. Calculate the remainder when g is divided by 174.
6
Let f(b) = b + 3. Let v be f(0). Let o(k) = -2*k + 13. Let j = 172 + -160. What is the remainder when j is divided by o(v)?
5
Let l(k) = k**3 - 5*k**2 - 10*k - 10. Suppose 5*h - 383 + 3 = 0. Let d = -41 + h. Calculate the remainder when d is divided by l(7).
17
Suppose -86*m + 75*m + 14380 = -19588. What is the remainder when m is divided by 34?
28
Suppose 440*q - 438*q = 764. Let n = -366 + q. What is the remainder when 45 is divided by n?
13
Let y be 3 + -1*(-7)/(1/1). Suppose -4 - 1 = r, 2*r = -4*c + y. Suppose 9*o + 40 = 4*i + 5*o, 0 = 5*o + c. Calculate the remainder when 49 is divided by i.
4
Let j = 5538 + -5493. Calculate the remainder when 585 is divided by j.
0
Suppose 110 = 3*l + 2*l. Let m = -35 + 50. Suppose -17*s = -m*s - 12. What is the remainder when l is divided by s?
4
Suppose -19*i + 22*i + 5*n - 56 = 0, -i = 5*n - 32. What is the remainder when 1559 is divided by i?
11
Let w(h) = h**3 + 24*h**2 + 105*h + 9. Calculate the remainder when w(-10) is divided by 357.
2
Let q = -908 + 1075. Suppose 2*p + n + 1 - 28 = 0, -p + 4*n + 9 = 0. Calculate the remainder when q is divided by p.
11
Suppose 2*u = 1383 + 223. Calculate the remainder when u is divided by -122 + 128 + (62 - 1).
66
Suppose -110 = -2*z - a - 23, 0 = -4*z + 2*a + 146. What is the remainder when 238 is divided by z?
38
Let o(k) = -28*k + 28. Let i be o(-5). Let w = i + -104. What is the remainder when 510 is divided by w?
62
Let y = 239 - 144. Let q = -74 + y. What is the remainder when q is divided by 6?
3
Let i = 40 + -17. Suppose 2*q - i = -z - 0*z, -5*q = -5*z - 50. Let v(r) = r**2 + 6*r - 69. What is the remainder when v(8) is divided by q?
10
Let g(y) = -y**2 - 2*y + 19. Let l be g(7). Let h be (-68)/7 - (-28)/(-98). Let o = h - l. Calculate the remainder when o is divided by 11.
1
Calculate the remainder when (1/3)/((-7 - 3)/(-3780)) is divided by 54.
18
Let w(u) = u**3 - 13*u**2 - 3*u + 6. Suppose -11 = -14*b + 185. Calculate the remainder when w(b) is divided by 27.
25
Calculate the remainder when 863 is divided by (-4 - (-2080)/(-10))*-4*1/2.
15
Let w(l) = 18*l - 62. Let b be w(4). Suppose -235 = -b*a + 5*a. Calculate the remainder when 655 is divided by a.
44
Let a(j) = j**3 - 4*j**2 - j. Let y(z) = -2*z - 11. Let q be y(-8). Calculate the remainder when -1*(2 - 0)/(2/(-99)) is divided by a(q).
19
Suppose 5*g - 8 = -3*u, u - 7 = -2*u - 4*g. Calculate the remainder when (10*(-63)/(-210))/(3 + 0) is divided by u.
0
Suppose 8*z - 12*z + 92 = 0. Suppose g - 339 = -3*a, -2*g - 51*a = -56*a - 689. What is the remainder when g is divided by z?
20
Suppose 5*c + 5*w = 290, c - 168 = -2*c - w. Let i be ((-70)/84)/(5/(-3))*-2. What is the remainder when c is divided by (-5)/i - 3/(9/(-42))?
17
Let p(q) = q**2 - 38*q - 742. What is the remainder when 2380 is divided by p(-18)?
252
Let t = -10932 - -10981. Let q be (123/(-12) + 1)*-4. Suppose q - 12 = w. What is the remainder when t is divided by w?
24
Let p(s) be the first derivative of -s**4/4 - 2*s**3 + 5*s**2 + 11*s - 120. What is the remainder when p(-8) is divided by 15?
14
Calculate the remainder when 3/18 - 212646/(-252) is divided by 246/(1 - -2) - 5.
74
Let c(o) = -o**3 - 11*o**2 - 3*o + 3. Let z be c(-6). Let r = z + 236. Suppose 275 = 7*a + 2. Calculate the remainder when r is divided by a.
38
Suppose 42*p + 4416 = d + 47*p, 4*p = -4. Suppose 0 = 10*a - 2199 - d. Calculate the remainder when a is divided by 51.
50
Suppose 5*j = 2*s - 66, -699 = -3*s + 5*j - 580. Calculate the remainder when 481 is divided by s.
4
Let p = -62004 - -62018. Let t(h) = -h**3 - 3*h**2. Let m be t(-2). What is the remainder when p is divided by (-16)/(-3)*(-6)/m?
6
Suppose -2184 - 3880 = 16*o. Let d = o + 616. Calculate the remainder when d is divided by 57.
9
Let t(q) = 14*q**2 + 1. Suppose -k + 6991 = 5*n + 1142, -3495 = -3*n + 3*k. Calculate the remainder when n is divided by t(-1).
14
Let q be 6*3/(-12)*(-230)/(-3). Let y = -64 - q. Let a = -28 + 39. What is the remainder when y is divided by a?
7
Let s = -16923 - -17290. What is the remainder when s is divided by 80?
47
Let k = -38 + 43. Suppose -k*h + 138 = -22. Calculate the remainder when h is divided by (-32)/(-4) + 3/1.
10
Calculate the remainder when 16533 is divided by (-24 - -20) + (-3 - -20).
10
Let p = -7385 + 7574. What is the remainder when p is divided by 93?
3
Let s be -1 - 4 - 16/((-16)/4). Suppose v + 4*i = -2, -2*v + 36 = -5*i - 12. Calculate the remainder when (s/8*-2)/(93/13764) is divided by v.
9
Calculate the remainder when -4 + -2 + 273 + -13 is divided by 128.
126
Suppose -4*h = -3*k - 374 + 942, -3*k = 4*h - 560. Suppose -377 - k = -5*s. Let b = s - 60. What is the remainder when b is divided by 14?
11
Let c(i) = i**2 + 36*i + 163. Let o be (10 + -2)*28/(-7). Suppose 33 = 3*g - 3. What is the remainder when c(o) is divided by g?
11
Suppose 107 = -3*n - 2*i, 5*n + 4*i + 176 = 3*i. Let m be 60/(-14) + (-10)/n. What is the remainder when (-18656)/(-288) - 1*m/18 is divided by 23?
19
Let u(g) = -g**2 + 9*g - 5. Suppose -8 = -c, 2239 - 1905 = 9*q - c. Calculate the remainder when q is divided by u(6).
12
Calculate the remainder when 898 is divided by ((-13)/((-117)/18))/(6/150).
48
Let b = 34 + -30. Suppose r = -b*g + 107, 4 = 5*g + 4*r - 116. Let t(l) = l**2 - 11*l + 15. What is the remainder when g is divided by t(11)?
13
Let d(q) = -12*q + 6. Let f(o) = -o + 1. Let a(m) = d(m) - 10*f(m). Let t be a(-3). Suppose t*j = 40 + 8. What is the remainder when j is divided by 13?
11
Let y = 530 - 406. Let o = y - 56. What is the remainder when 262 is divided by o?
58
Suppose x - 45 = 5*z, -4*x + z + 229 = -8. What is the remainder when 237 is divided by x?
57
What is the remainder when (-328020)/(-700) - 14/(-10) is divided by 43?
40
Suppose 2*m - u + 16 = 0, -2*m = 2*m + 3*u + 22. Let b = 5 - m. Calculate the remainder when b is divided by 5.
2
Let t be 11/((-33)/9) - -11. Let q(p) = -p**2 + 8*p + 6. Calculate the remainder when ((t - 2)/3)/(6/102) is divided by q(5).
13
Let i(b) = b**2 + 6*b + 6. Suppose 0*u + 4*u - 986 = 2*p, -3*u + 990 = -2*p. Let z = 502 + p. Calculate the remainder when i(-6) is divided by z.
0
Suppose 23*o - 14*o - 126 = 0. Suppose -4*j = 10*z - o*z + 2344, 5*j = -2*z + 1207. Calculate the remainder when z is divided by 18.
15
Let p be (2 + ((-23)/(-1) - 3))/2. Suppose 48 = 5*r - h, -8*r + 2*h = -p*r + 34. Suppose -a + 13 = -6. What is the remainder when a is divided by r?
9
Suppose -35*s + 36*s - 3 = 0. Suppose -s*t = -2*t + 6. What is the remainder when 88 is divided by ((-15)/t)/(-1*(-2)/8)?
8
Let l = -144 - -202. Suppose 38 = y + 3*x + 3, 2*x = -2*y + l. What is the remainder when 207 is divided by y?
25
Let x(i) be the third derivative of 3*i**5/20 - 5*i**4/12 + 7*i**3/6 - 191*i**2 + 2*i. Let g = 6 - 3. Calculate the remainder when x(g) is divided by 16.
10
Suppose 163*l - 1206 - 2354 = -626. Suppose -153 = -u - 10. Calculate the remainder when u is divided by l.
17
What is the remainder when 80 - (-12 - (-3 + 1)) is divided by 27?
9
Let z = 131 + -131. Suppose z = -6*q + 22*q - 544. Let d(b) = b**3 + 5*b**2 + b - 3. Calculate the remainder when q is divided by d(-3).
10
Let x(i) = -i**2 + 21*i + 39. Let a be x(20). Let q = 53 - a. Let b = q + 11. What is the remainder when 32 is divided by b?
2
Suppose 85*r - 99*r + 4130 = 0. Let k = r + -292. Calculate the remainder when 20 is divided by k.
2
Let o be (1035/(-10))/((-6)/8). Let m = o + -52. What is the remainder when m is divided by 29?
28
Suppose 0 = 15*o + 17*o - 18*o - 5138. Calculate the remainder when o is divided by 9.
7
Suppose 2*q + 88 - 266 = -2*u, 166 = 2*u - 4*q. Calculate the remainder when 4435 is divided by u.
85
Let h = 1300 + -1176. Calculate the remainder when 1360 is divided by h.
120
Let v = 362 + -360. What is the remainder when 127 is divided by 40/25*(v - -19*2)?
63
Suppose 6*g - 165 = g. Let i = -2561 + 2756. What is the remainder when i is divided by g?
30
Let r = 4563 + -2793. Suppose -19*o + 4*o + r = 0. What is the remainder when o is divided by 42?
34
Suppose 7*x - 14*x = -49. Suppose -2*j = -3*m + 20, x = m + 2*j